{"id":6359,"date":"2025-07-09T14:55:23","date_gmt":"2025-07-09T17:55:23","guid":{"rendered":"https:\/\/netbrtelecom.com.br\/site\/?page_id=6359"},"modified":"2025-07-11T10:56:56","modified_gmt":"2025-07-11T13:56:56","slug":"beneficios-exclusivos","status":"publish","type":"page","link":"https:\/\/netbrtelecom.com.br\/site\/beneficios-exclusivos\/","title":{"rendered":"Benef\u00edcios Exclusivos"},"content":{"rendered":"\t\t<div data-elementor-type=\"wp-page\" data-elementor-id=\"6359\" class=\"elementor elementor-6359\">\n\t\t\t\t<div class=\"elementor-element elementor-element-14beb17 e-flex e-con-boxed e-con e-parent \" data-id=\"14beb17\" data-element_type=\"container\">\t\t\t<div class=\"e-con-inner\">\r\n\t\t\t\t<div class=\"elementor-element elementor-element-4778b5f elementor-widget elementor-widget-pxl_heading\" data-id=\"4778b5f\" data-element_type=\"widget\" data-widget_type=\"pxl_heading.default\">\n\t\t\t\t<div class=\"elementor-widget-container\">\n\t\t\t\t\t<div id=\"pxl-pxl_heading-4778b5f-3697\" class=\"pxl-heading px-sub-title-default-style\">\n\t<div class=\"pxl-heading--inner\">\n\t\t\n\t\t\t\t\t<div class=\"pxl-item--subtitle px-sub-title-default wow fadeIn\" data-wow-delay=\"100ms\">\n\t\t\t\t\t\t\t\t<span class=\"pxl-item--subtext\">\n\t\t\t\t\tMuito Mais que Internet\t\t\t\t<\/span>\n\t\t\t<\/div>\n\t\t\n\t\t<h3 class=\"pxl-item--title \" data-wow-delay=\"200ms\">\n\t\t\t\t\t\t\t\t<span class=\"pxl-item--text\">\n\t\t\t            <span class=\"pxl-text--slide\"><span class=\"wow letter\">Filmes,<\/span><\/span> <span class=\"pxl-text--slide\"><span class=\"wow letter\">s\u00e9ries,<\/span><\/span> <span class=\"pxl-text--slide\"><span class=\"wow letter\">games,<\/span><\/span> <span class=\"pxl-text--slide\"><span class=\"wow letter\">educa\u00e7\u00e3o,<\/span><\/span> <span class=\"pxl-text--slide\"><span class=\"wow letter\">sa\u00fade<\/span><\/span> <span class=\"pxl-text--slide\"><span class=\"wow letter\">e<\/span><\/span> <span class=\"pxl-text--slide\"><span class=\"wow letter\">descontos,<\/span><\/span> <span class=\"pxl-text--slide\"><span class=\"wow letter\">tudo<\/span><\/span> <span class=\"pxl-text--slide\"><span class=\"wow letter\">incluso<\/span><\/span> <span class=\"pxl-text--slide\"><span class=\"wow letter\">no<\/span><\/span> <span class=\"pxl-text--slide\"><span class=\"wow letter\">seu<\/span><\/span> <span class=\"pxl-text--slide\"><span class=\"wow letter\">plano,<\/span><\/span> <span class=\"pxl-text--slide\"><span class=\"wow letter\">sem<\/span><\/span> <span class=\"pxl-text--slide\"><span class=\"wow letter\">pagar<\/span><\/span> <span class=\"pxl-text--slide\"><span class=\"wow letter\">nada<\/span><\/span> <span class=\"pxl-text--slide\"><span class=\"wow letter\">a<\/span><\/span> <span class=\"pxl-text--slide\"><span class=\"wow letter\">mais<\/span><\/span>\t\t\t        <\/span>\n\t\t\t\t\t\t\n\t\t<\/h3>\n\n\t\t\n\t\t\n\t\t\t\t\n\t<\/div>\n<\/div>\t\t\t\t<\/div>\n\t\t\t\t<\/div>\n\t\t\t\t<div class=\"elementor-element elementor-element-b5796d4 elementor-invisible elementor-widget elementor-widget-pxl_text_editor\" data-id=\"b5796d4\" data-element_type=\"widget\" data-settings=\"{&quot;_animation&quot;:&quot;fadeIn&quot;}\" data-widget_type=\"pxl_text_editor.default\">\n\t\t\t\t<div class=\"elementor-widget-container\">\n\t\t\t\t\t<div class=\"pxl-text-editor\">\n\t<div class=\"pxl-item--inner \" data-wow-delay=\"ms\">\n\t\t<p>Ao ser cliente NetBR Telecom, voc\u00ea ganha muito mais do que uma internet r\u00e1pida e est\u00e1vel. Tenha acesso a uma sele\u00e7\u00e3o de <strong data-start=\"441\" data-end=\"466\">aplicativos incr\u00edveis<\/strong> para toda a fam\u00edlia, sem custo extra, direto na sua assinatura!<\/p>\t\t\n\t<\/div>\n<\/div>\t\t\t\t<\/div>\n\t\t\t\t<\/div>\n\t\t\t\t<div class=\"elementor-element elementor-element-d7a7870 elementor-widget elementor-widget-pxl_meta\" data-id=\"d7a7870\" data-element_type=\"widget\" data-widget_type=\"pxl_meta.default\">\n\t\t\t\t<div class=\"elementor-widget-container\">\n\t\t\t\t\t<div class=\"pxl-meta pxl-meta2\">\r\n\t<div class=\"pxl-meta-inner \" data-wow-delay=\"ms\">\r\n\t\t<div class=\"pxl-meta-content\">\r\n\t\t\t<div class=\"content-inner\">\r\n\t\t\t\t<div class=\"pxl-item-title\">\r\n\t\t\t\t\t<i class=\"far fa-chevron-double-right\"><\/i>\r\n\t\t\t\t\t<h5 class=\"title\">Filmes, S\u00e9ries e TV ao Vivo<\/h5>\r\n\t\t\t\t<\/div>\r\n\t\t\t\t<div class=\"sub-title\">\r\n\t\t\t\t\tAproveite os melhores conte\u00fados com aplicativos como: Max, Looke, Sky+ e Disney+. Filmes, s\u00e9ries, reality shows e canais ao vivo para todos os gostos! Tudo isso direto no celular, TV ou tablet.\t\t\t\t<\/div>\r\n\t\t\t<\/div>\r\n\t\t<\/div>\r\n\t<\/div>\r\n<\/div>\t\t\t\t<\/div>\n\t\t\t\t<\/div>\n\t\t\t\t<div class=\"elementor-element elementor-element-f2dec0d elementor-widget elementor-widget-pxl_meta\" data-id=\"f2dec0d\" data-element_type=\"widget\" data-widget_type=\"pxl_meta.default\">\n\t\t\t\t<div class=\"elementor-widget-container\">\n\t\t\t\t\t<div class=\"pxl-meta pxl-meta2\">\r\n\t<div class=\"pxl-meta-inner \" data-wow-delay=\"ms\">\r\n\t\t<div class=\"pxl-meta-content\">\r\n\t\t\t<div class=\"content-inner\">\r\n\t\t\t\t<div class=\"pxl-item-title\">\r\n\t\t\t\t\t<i class=\"far fa-chevron-double-right\"><\/i>\r\n\t\t\t\t\t<h5 class=\"title\">Divers\u00e3o e Aprendizado para Crian\u00e7as<\/h5>\r\n\t\t\t\t<\/div>\r\n\t\t\t\t<div class=\"sub-title\">\r\n\t\t\t\t\tTenha tranquilidade com conte\u00fados educativos, seguros e sem an\u00fancios: PlayKids, Pequenos Leitores, Kiddle Pass. Livros digitais, desenhos e jogos pedag\u00f3gicos. Perfeito para aprender brincando.\t\t\t\t<\/div>\r\n\t\t\t<\/div>\r\n\t\t<\/div>\r\n\t<\/div>\r\n<\/div>\t\t\t\t<\/div>\n\t\t\t\t<\/div>\n\t\t\t\t<div class=\"elementor-element elementor-element-86b95f1 elementor-widget elementor-widget-pxl_meta\" data-id=\"86b95f1\" data-element_type=\"widget\" data-widget_type=\"pxl_meta.default\">\n\t\t\t\t<div class=\"elementor-widget-container\">\n\t\t\t\t\t<div class=\"pxl-meta pxl-meta2\">\r\n\t<div class=\"pxl-meta-inner \" data-wow-delay=\"ms\">\r\n\t\t<div class=\"pxl-meta-content\">\r\n\t\t\t<div class=\"content-inner\">\r\n\t\t\t\t<div class=\"pxl-item-title\">\r\n\t\t\t\t\t<i class=\"far fa-chevron-double-right\"><\/i>\r\n\t\t\t\t\t<h5 class=\"title\">M\u00fasica, Bem-estar e Relaxamento<\/h5>\r\n\t\t\t\t<\/div>\r\n\t\t\t\t<div class=\"sub-title\">\r\n\t\t\t\t\tCuide da mente e relaxe com: Deezer para ouvir m\u00fasicas e podcasts. Fluid com medita\u00e7\u00f5es e conte\u00fados de bem-estar. Ideal para o seu momento de descanso.\t\t\t\t<\/div>\r\n\t\t\t<\/div>\r\n\t\t<\/div>\r\n\t<\/div>\r\n<\/div>\t\t\t\t<\/div>\n\t\t\t\t<\/div>\n\t\t\t\t<div class=\"elementor-element elementor-element-c2cfc2f elementor-widget elementor-widget-pxl_meta\" data-id=\"c2cfc2f\" data-element_type=\"widget\" data-widget_type=\"pxl_meta.default\">\n\t\t\t\t<div class=\"elementor-widget-container\">\n\t\t\t\t\t<div class=\"pxl-meta pxl-meta2\">\r\n\t<div class=\"pxl-meta-inner \" data-wow-delay=\"ms\">\r\n\t\t<div class=\"pxl-meta-content\">\r\n\t\t\t<div class=\"content-inner\">\r\n\t\t\t\t<div class=\"pxl-item-title\">\r\n\t\t\t\t\t<i class=\"far fa-chevron-double-right\"><\/i>\r\n\t\t\t\t\t<h5 class=\"title\">Sa\u00fade na palma da m\u00e3o<\/h5>\r\n\t\t\t\t<\/div>\r\n\t\t\t\t<div class=\"sub-title\">\r\n\t\t\t\t\tFale com m\u00e9dicos sem sair de casa: Docway: consultas por v\u00eddeo com profissionais de sa\u00fade, 24 horas por dia. Praticidade e cuidado com sua sa\u00fade.\t\t\t\t<\/div>\r\n\t\t\t<\/div>\r\n\t\t<\/div>\r\n\t<\/div>\r\n<\/div>\t\t\t\t<\/div>\n\t\t\t\t<\/div>\n\t\t\t\t<div class=\"elementor-element elementor-element-bb45f43 elementor-widget elementor-widget-pxl_meta\" data-id=\"bb45f43\" data-element_type=\"widget\" data-widget_type=\"pxl_meta.default\">\n\t\t\t\t<div class=\"elementor-widget-container\">\n\t\t\t\t\t<div class=\"pxl-meta pxl-meta2\">\r\n\t<div class=\"pxl-meta-inner \" data-wow-delay=\"ms\">\r\n\t\t<div class=\"pxl-meta-content\">\r\n\t\t\t<div class=\"content-inner\">\r\n\t\t\t\t<div class=\"pxl-item-title\">\r\n\t\t\t\t\t<i class=\"far fa-chevron-double-right\"><\/i>\r\n\t\t\t\t\t<h5 class=\"title\">Mais desempenho nos games<\/h5>\r\n\t\t\t\t<\/div>\r\n\t\t\t\t<div class=\"sub-title\">\r\n\t\t\t\t\tReduza o lag e aumente sua performance online com: ExitLag: conex\u00e3o otimizada para jogos. Jogue com mais estabilidade e velocidade.\t\t\t\t<\/div>\r\n\t\t\t<\/div>\r\n\t\t<\/div>\r\n\t<\/div>\r\n<\/div>\t\t\t\t<\/div>\n\t\t\t\t<\/div>\n\t\t\t\t<div class=\"elementor-element elementor-element-abf5f2f elementor-widget elementor-widget-pxl_meta\" data-id=\"abf5f2f\" data-element_type=\"widget\" data-widget_type=\"pxl_meta.default\">\n\t\t\t\t<div class=\"elementor-widget-container\">\n\t\t\t\t\t<div class=\"pxl-meta pxl-meta2\">\r\n\t<div class=\"pxl-meta-inner \" data-wow-delay=\"ms\">\r\n\t\t<div class=\"pxl-meta-content\">\r\n\t\t\t<div class=\"content-inner\">\r\n\t\t\t\t<div class=\"pxl-item-title\">\r\n\t\t\t\t\t<i class=\"far fa-chevron-double-right\"><\/i>\r\n\t\t\t\t\t<h5 class=\"title\">Seguran\u00e7a Digital<\/h5>\r\n\t\t\t\t<\/div>\r\n\t\t\t\t<div class=\"sub-title\">\r\n\t\t\t\t\tProteja seus dados e navegue com tranquilidade: Kaspersky: antiv\u00edrus premiado com prote\u00e7\u00e3o em tempo real. Mais seguran\u00e7a para toda a fam\u00edlia.\t\t\t\t<\/div>\r\n\t\t\t<\/div>\r\n\t\t<\/div>\r\n\t<\/div>\r\n<\/div>\t\t\t\t<\/div>\n\t\t\t\t<\/div>\n\t\t\t\t<div class=\"elementor-element elementor-element-9be70ff elementor-widget elementor-widget-pxl_meta\" data-id=\"9be70ff\" data-element_type=\"widget\" data-widget_type=\"pxl_meta.default\">\n\t\t\t\t<div class=\"elementor-widget-container\">\n\t\t\t\t\t<div class=\"pxl-meta pxl-meta2\">\r\n\t<div class=\"pxl-meta-inner \" data-wow-delay=\"ms\">\r\n\t\t<div class=\"pxl-meta-content\">\r\n\t\t\t<div class=\"content-inner\">\r\n\t\t\t\t<div class=\"pxl-item-title\">\r\n\t\t\t\t\t<i class=\"far fa-chevron-double-right\"><\/i>\r\n\t\t\t\t\t<h5 class=\"title\">Descontos e Vantagens Exclusivas<\/h5>\r\n\t\t\t\t<\/div>\r\n\t\t\t\t<div class=\"sub-title\">\r\n\t\t\t\t\tClientes NetBR tamb\u00e9m t\u00eam acesso ao clube de benef\u00edcios Hub Vantagens, com: Descontos em grandes marcas e cashback em lojas parceiras. Economize de verdade usando a internet que voc\u00ea j\u00e1 tem!\t\t\t\t<\/div>\r\n\t\t\t<\/div>\r\n\t\t<\/div>\r\n\t<\/div>\r\n<\/div>\t\t\t\t<\/div>\n\t\t\t\t<\/div>\n\t\t\t\t<div class=\"elementor-element elementor-element-dd4d5d9 elementor-widget elementor-widget-pxl_meta\" data-id=\"dd4d5d9\" data-element_type=\"widget\" data-widget_type=\"pxl_meta.default\">\n\t\t\t\t<div class=\"elementor-widget-container\">\n\t\t\t\t\t<div class=\"pxl-meta pxl-meta2\">\r\n\t<div class=\"pxl-meta-inner \" data-wow-delay=\"ms\">\r\n\t\t<div class=\"pxl-meta-content\">\r\n\t\t\t<div class=\"content-inner\">\r\n\t\t\t\t<div class=\"pxl-item-title\">\r\n\t\t\t\t\t<i class=\"far fa-chevron-double-right\"><\/i>\r\n\t\t\t\t\t<h5 class=\"title\">Tudo isso j\u00e1 incluso na sua assinatura!<\/h5>\r\n\t\t\t\t<\/div>\r\n\t\t\t\t<div class=\"sub-title\">\r\n\t\t\t\t\tVoc\u00ea n\u00e3o precisa pagar nada a mais. Basta ser cliente NetBR Telecom e aproveitar todos esses benef\u00edcios.\t\t\t\t<\/div>\r\n\t\t\t<\/div>\r\n\t\t<\/div>\r\n\t<\/div>\r\n<\/div>\t\t\t\t<\/div>\n\t\t\t\t<\/div>\n\t\t\t\t<div class=\"elementor-element elementor-element-a226da5 elementor-widget elementor-widget-pxl_button\" data-id=\"a226da5\" data-element_type=\"widget\" data-widget_type=\"pxl_button.default\">\n\t\t\t\t<div class=\"elementor-widget-container\">\n\t\t\t\t\t<div id=\"pxl-pxl_button-a226da5-2274\" class=\"pxl-button \" data-wow-delay=\"ms\">\r\n    <a href=\"https:\/\/api.whatsapp.com\/send?phone=551738471207&amp;text=Venho do site da NetBR Telecom, quero saber mais sobre os Benef\u00edcios Exclusivos\" target=\"_blank\" class=\"btn pxl-icon-active btn-nina  pxl-icon--right\" data-wow-delay=\"ms\">\r\n        \r\n        <i aria-hidden=\"true\" class=\"far fa-plus\"><\/i>        \r\n        <span class=\"pxl--btn-text\" data-text=\"Quero saber mais\">\r\n            <span>Q<\/span><span>u<\/span><span>e<\/span><span>r<\/span><span>o<\/span><span class=\"spacer\">&nbsp;<\/span><span>s<\/span><span>a<\/span><span>b<\/span><span>e<\/span><span>r<\/span><span class=\"spacer\">&nbsp;<\/span><span>m<\/span><span>a<\/span><span>i<\/span><span>s<\/span>        <\/span>\r\n        \r\n         \r\n\r\n    <\/a>\r\n<\/div>\t\t\t\t<\/div>\n\t\t\t\t<\/div>\n\t\t\t\t<div class=\"elementor-element elementor-element-0f3b24a elementor-widget elementor-widget-pxl_meta\" data-id=\"0f3b24a\" data-element_type=\"widget\" data-widget_type=\"pxl_meta.default\">\n\t\t\t\t<div class=\"elementor-widget-container\">\n\t\t\t\t\t<div class=\"pxl-meta pxl-meta2\">\r\n\t<div class=\"pxl-meta-inner \" data-wow-delay=\"ms\">\r\n\t\t<div class=\"pxl-meta-content\">\r\n\t\t\t<div class=\"content-inner\">\r\n\t\t\t\t<div class=\"pxl-item-title\">\r\n\t\t\t\t\t<i class=\"far fa-chevron-double-right\"><\/i>\r\n\t\t\t\t\t<h5 class=\"title\">Troca de Aplicativos Inclusos<\/h5>\r\n\t\t\t\t<\/div>\r\n\t\t\t\t<div class=\"sub-title\">\r\n\t\t\t\t\tClientes com planos que incluem aplicativos premium agora t\u00eam ainda mais flexibilidade: \u00e9 poss\u00edvel trocar de aplicativo uma vez por m\u00eas, diretamente pela Central de Aplicativos. Alternar entre os apps dispon\u00edveis ficou r\u00e1pido, f\u00e1cil e ao seu alcance!\t\t\t\t<\/div>\r\n\t\t\t<\/div>\r\n\t\t<\/div>\r\n\t<\/div>\r\n<\/div>\t\t\t\t<\/div>\n\t\t\t\t<\/div>\n\t\t\t\t<div class=\"elementor-element elementor-element-a8377bc elementor-widget elementor-widget-pxl_button\" data-id=\"a8377bc\" data-element_type=\"widget\" data-widget_type=\"pxl_button.default\">\n\t\t\t\t<div class=\"elementor-widget-container\">\n\t\t\t\t\t<div id=\"pxl-pxl_button-a8377bc-5214\" class=\"pxl-button \" data-wow-delay=\"ms\">\r\n    <a href=\"https:\/\/www.portaldoassinante.com\/netbrtelecom\/login\" target=\"_blank\" class=\"btn pxl-icon-active btn-nina  pxl-icon--right\" data-wow-delay=\"ms\">\r\n        \r\n        <i aria-hidden=\"true\" class=\"far fa-plus\"><\/i>        \r\n        <span class=\"pxl--btn-text\" data-text=\"Central de Aplicativos\">\r\n            <span>C<\/span><span>e<\/span><span>n<\/span><span>t<\/span><span>r<\/span><span>a<\/span><span>l<\/span><span class=\"spacer\">&nbsp;<\/span><span>d<\/span><span>e<\/span><span class=\"spacer\">&nbsp;<\/span><span>A<\/span><span>p<\/span><span>l<\/span><span>i<\/span><span>c<\/span><span>a<\/span><span>t<\/span><span>i<\/span><span>v<\/span><span>o<\/span><span>s<\/span>        <\/span>\r\n        \r\n         \r\n\r\n    <\/a>\r\n<\/div>\t\t\t\t<\/div>\n\t\t\t\t<\/div>\n\t\t\t\t\t<\/div>\r\n\t\t\t\t<\/div>\r\n\t\t\t\t<\/div>\n\t\t","protected":false},"excerpt":{"rendered":"<p>Muito Mais que Internet Filmes, s\u00e9ries, games, educa\u00e7\u00e3o, sa\u00fade e descontos, tudo incluso no seu plano, sem pagar nada a mais Ao ser cliente NetBR Telecom, voc\u00ea ganha muito mais do que uma internet r\u00e1pida e est\u00e1vel. Tenha acesso a uma sele\u00e7\u00e3o de aplicativos incr\u00edveis para toda a fam\u00edlia, sem custo extra, direto na sua [&hellip;]<\/p>\n","protected":false},"author":1,"featured_media":0,"parent":0,"menu_order":0,"comment_status":"closed","ping_status":"closed","template":"","meta":{"footnotes":""},"class_list":["post-6359","page","type-page","status-publish","hentry"],"_links":{"self":[{"href":"https:\/\/netbrtelecom.com.br\/site\/wp-json\/wp\/v2\/pages\/6359","targetHints":{"allow":["GET"]}}],"collection":[{"href":"https:\/\/netbrtelecom.com.br\/site\/wp-json\/wp\/v2\/pages"}],"about":[{"href":"https:\/\/netbrtelecom.com.br\/site\/wp-json\/wp\/v2\/types\/page"}],"author":[{"embeddable":true,"href":"https:\/\/netbrtelecom.com.br\/site\/wp-json\/wp\/v2\/users\/1"}],"replies":[{"embeddable":true,"href":"https:\/\/netbrtelecom.com.br\/site\/wp-json\/wp\/v2\/comments?post=6359"}],"version-history":[{"count":19,"href":"https:\/\/netbrtelecom.com.br\/site\/wp-json\/wp\/v2\/pages\/6359\/revisions"}],"predecessor-version":[{"id":6443,"href":"https:\/\/netbrtelecom.com.br\/site\/wp-json\/wp\/v2\/pages\/6359\/revisions\/6443"}],"wp:attachment":[{"href":"https:\/\/netbrtelecom.com.br\/site\/wp-json\/wp\/v2\/media?parent=6359"}],"curies":[{"name":"wp","href":"https:\/\/api.w.org\/{rel}","templated":true}]}}